0100011010111
In base 16, what is -36 - 41ecc?
-41f02
In base 14, what is -145 - -1476?
1331
In base 4, what is -2230031301 + -322?
-2230032223
In base 12, what is -102 - 513826?
-513928
In base 8, what is 4 + 631342071?
631342075
In base 15, what is 0 - -a546d25?
a546d25
In base 16, what is -92 - -616b5?
61623
In base 8, what is 6117067 - 0?
6117067
In base 5, what is -24402342230 - 1?
-24402342231
In base 16, what is 292 - 155d?
-12cb
In base 6, what is -34305 - -132201?
53452
In base 7, what is -52123 + -326?
-52452
In base 6, what is 1 - -20205353512?
20205353513
In base 8, what is -266347 + -27?
-266376
In base 13, what is a - -4cb4055?
4cb4062
In base 13, what is 5 + 4682c1?
4682c6
In base 13, what is 626cb0 + -274?
626a39
In base 3, what is 22110111102 + 1110?
22110112212
In base 16, what is -37895675 + -2?
-37895677
In base 15, what is 5 + -1185e?
-11859
In base 14, what is -46 + 41d24a?
41d204
In base 3, what is 102202 - 1012012200?
-1011202221
In base 4, what is 103332231 - 12102?
103320123
In base 4, what is 333030332302 + 1?
333030332303
In base 16, what is -311 + 5388?
5077
In base 15, what is -7339 - -7d4?
-6a55
In base 9, what is 20306 + -44751?
-24444
In base 5, what is -204421110311 + -4?
-204421110320
In base 9, what is 568723 - 12?
568711
In base 16, what is -c50 - 2846?
-3496
In base 3, what is -1 - 220220012201?
-220220012202
In base 11, what is 62 + 1a1726?
1a1788
In base 3, what is -21 + -22200222201122?
-22200222201220
In base 16, what is 25f24 - -10dc?
27000
In base 11, what is 29386416 - -1?
29386417
In base 7, what is 2 + 1315034?
1315036
In base 8, what is 2431 + -4447?
-2016
In base 14, what is d317a13 + 3?
d317a16
In base 5, what is -1433 - 4304444?
-4311432
In base 4, what is -13023032 + 313?
-13022113
In base 15, what is 7c0bae + -6?
7c0ba8
In base 6, what is -15 - 13523415?
-13523434
In base 5, what is -1402 - -1010240?
1003333
In base 5, what is 22 + -1143112434?
-1143112412
In base 14, what is -2c2a4 - -18?
-2c28a
In base 6, what is -20424 - -2355413?
2334545
In base 9, what is 3032216547 - -3?
3032216551
In base 8, what is 2 - 14657327?
-14657325
In base 5, what is -233420301000 - 4?
-233420301004
In base 10, what is -4730385 + 1?
-4730384
In base 4, what is 3 - -2131012230000?
2131012230003
In base 11, what is 402 - 8477?
-8075
In base 4, what is 20312012 + 1111?
20313123
In base 8, what is -124523054 + 17?
-124523035
In base 14, what is -232 - 4b19a?
-4b3cc
In base 11, what is -3011829a - -2?
-30118298
In base 14, what is 4540c + -23?
453c9
In base 2, what is -10 - -1000101111101011101000000111?
1000101111101011101000000101
In base 12, what is -b + 11a21b7?
11a21a8
In base 16, what is 38250e1 - -1?
38250e2
In base 16, what is a59e + 2?
a5a0
In base 4, what is -11031200 + -11131?
-11102331
In base 4, what is -1202332001 - -21?
-1202331320
In base 16, what is 92fcb - 37?
92f94
In base 14, what is -1812a07 + -3?
-1812a0a
In base 7, what is -31365365662 - -2?
-31365365660
In base 13, what is 5b + aa2b?
aa89
In base 11, what is 4a14252a1 + -2?
4a142529a
In base 3, what is -10000 + -120020101112?
-120020111112
In base 7, what is 322 + 54645?
55300
In base 12, what is -1 - -2b796b38?
2b796b37
In base 16, what is -14350a7 + -2?
-14350a9
In base 7, what is 246 + 501306?
501555
In base 13, what is 11ba + -38c0?
-2703
In base 5, what is -4230200 - 22132?
-4302332
In base 14, what is a19904 + 0?
a19904
In base 5, what is 301 + 11230431?
11231232
In base 11, what is 4 + 2795a32?
2795a36
In base 3, what is -101010122002 - -1021?
-101010120211
In base 12, what is 318 - -44ba64?
450180
In base 14, what is 128d77 + -2c?
128d49
In base 8, what is -3 + -6244571?
-6244574
In base 6, what is 2 + 411314142?
411314144
In base 10, what is -36128 - 2804?
-38932
In base 7, what is -40 - -616653?
616613
In base 16, what is -1987d + -369?
-19be6
In base 12, what is -395b6704 - 1?
-395b6705
In base 7, what is -1452 + -152535?
-154320
In base 12, what is 2222a38 - -6?
2222a42
In base 10, what is -3599122 - 2?
-3599124
In base 2, what is -101000101011110111000000 + 100?
-101000101011110110111100
In base 14, what is -20b7d + -50?
-20bcd
In base 5, what is 1420314 + -231414?
1133400
In base 9, what is 56 + -21640236?
-21640170
In base 9, what is -306248116 + -1?
-306248117
In base 4, what is 21322131211311 - -2?
21322131211313
In base 12, what is -985 + 61a00?
61037
In base 15, what is 10510 + -76?
10489
In base 13, what is 741 + -4c841?
-4c100
In base 16, what is a + -a57669?
-a5765f
In base 4, what is -322123233113 + 110?
-322123233003
In base 7, what is 135260633 - 0?
135260633
In base 7, what is -36330 - -3262?
-33035
In base 11, what is 162 - 69aa7?
-69945
In base 10, what is 7108 - 1084?
6024
In base 14, what is -1002 + -10a50?
-11a52
In base 8, what is -35204654 - -5?
-35204647
In base 7, what is 4053232 + -15?
4053214
In base 15, what is -1a4531d9 + -4?
-1a4531dd
In base 11, what is -16461 - 2634?
-18a95
In base 2, what is -11101001110111100100111 + -10110?
-11101001110111100111101
In base 8, what is 0 - 45025470?
-45025470
In base 2, what is -1011100011000111001101010 + 101?
-1011100011000111001100101
In base 10, what is 563 + -578706?
-578143
In base 11, what is 63 + a0a1?
a154
In base 4, what is 11103330222231 + 2?
11103330222233
In base 4, what is -1020 - 21001031231?
-21001032311
In base 7, what is -1506620 - 11226?
-1521146
In base 4, what is -3 - 3312031332?
-3312032001
In base 11, what is -1140 - 17a837?
-180977
In base 6, what is -34 - -43344441?
43344403
In base 15, what is 1c78eb - 131?
1c77ba
In base 11, what is -610a - -21204?
160a5
In base 15, what is -cd + -9d5e?
-9e3c
In base 5, what is -303 - 430024443?
-430030301
In base 8, what is 1360 - 5545?
-4165
In base 4, what is 330333211002 + 130?
330333211132
In base 4, what is -2101 - -212220201?
212212100
In base 7, what is 3466516 + -55?
3466431
In base 3, what is 0 + 111101100200121?
111101100200121
In base 14, what is -125c78 - 2?
-125c7a
In base 10, what is -3329 - 336472?
-339801
In base 5, what is -3 + 10224420?
10224412
In base 11, what is 12467857 - 2?
12467855
In base 9, what is 184 - 231114?
-230820
In base 11, what is 8 - -1492?
149a
In base 4, what is 1133231321302 + 3?
1133231321311
In base 10, what is -9 + 88946422?
88946413
In base 13, what is 2951 + -740?
2211
In base 4, what is -231122031020 - -2?
-231122031012
In base 12, what is 4 + 177771a8?
177771b0
In base 2, what is 1001011101100111010001 + -10?
1001011101100111001111
In base 4, what is -232321013000 + 130?
-232321012210
In base 7, what is 10051 + 2060?
12141
In base 12, what is 23 - 1726311?
-17262aa
In base 8, what is -51165 + -2022?
-53207
In base 12, what is 7a23 - 76ba?
325
In base 16, what is -455a3 + -9?
-455ac
In base 16, what is a20 + 132f?
1d4f
In base 10, what is -4 + 2093410?
2093406
In base 11, what is -65 + 720640?
720586
In base 9, what is -4 - -551685338?
551685334
In base 3, what is -110011101202202 - 11?
-110011101202220
In base 3, what is 1012200000010 + 11221?
1012200012001
In base 9, what is -3147 + -112442?
-115600
In base 12, what is -30388 + -111?
-30499
In base 9, what is 13372 + 203?
13575
In base 2, what is -10000010011111 + 111110111?
-1111010101000
In base 14, what is b1 - -13363?
13434
In base 12, what is 5503324 - -2?
5503326
In base 10, what is 8522 + 62521?
71043
In base 13, what is c134612 + -3?
c13460c
In base 4, what is -1302 + -11032032223?
-11032100131
In base 7, what is -60 + -162364115?
-162364205
In base 8, what is 310364 - 155?
310207
In base 2, what is 11011010110000011010111101100 - -10?
11011010110000011010111101110
In base 4, what is 102002 - -2211231312?
2211333320
In base 13, what is 3067 - -33a1?
6438
In base 15, what is -46b9 + 158?
-4561
In base 9, what is 203000 - -137?
203137
In base 2, what is 111 - -1001111101111110010100100?
1001111101111110010101011
In base 10, what is 273237 - -31?
273268
In base 7, what is -2111 - -6126?
4015
In base 4, what is 3 - -13333102223?
13333102232
In base 6, what is 1 - 10452242?
-10452241
In base 9, what is -4253 + -7747?
-13111
In base 6, what is 215242534 + -1?
215242533
In base 10, what is -3183 + 137?
-3046
In base 13, what is 7555 - 95a9?
-2054
In base 7, what is 12 - -46255340?
46255352
In base 7, wh